f, -f + 3 = -h + 2*h. Suppose -5*v + 2910 = h*j, -3*v - 9 = -0*v. What is the tens digit of j?
8
Suppose 8*m - 4*m + 2 = 2*k, 0 = 4*k + 3*m - 15. Let a be (-4)/6 - (-14)/k. Suppose a*r + 186 - 566 = 0. What is the units digit of r?
5
Suppose 369050 = 185*x - 130*x. What is the thousands digit of x?
6
Suppose 439229 = 28*w - 64684 - 258471. What is the thousands digit of w?
7
Let i = 19 - 15. Suppose 4*o + 4*x = 20, -o = -0*o - i*x - 15. What is the units digit of o?
7
Let t(h) = 67*h + 11. Let c be t(4). Let i be ((2 - 2) + (-3 - -2))*-197. Let y = c - i. What is the units digit of y?
2
Suppose -5*y = -4*t + 21, -2*t = -0*t + 2*y - 6. Suppose -6*s - 4*s = t*s. Suppose -5*i + 723 = -s*w - w, 2*i - w = 291. What is the units digit of i?
4
Suppose -51*t = -45*t + 3*p - 113715, 0 = -4*t - 5*p + 75789. What is the hundreds digit of t?
9
Let z = -161 + 166. Suppose -2*k - z = -209. What is the hundreds digit of k?
1
Let o = 51 + -49. Suppose -2*x = 5*u + 16, 0 = -5*x + 3*x - 3*u - 8. Suppose 366 = o*h - x*t, -h - h = 2*t - 382. What is the tens digit of h?
8
What is the tens digit of (16/22)/(21/171528) - 8/22?
4
Let m(n) = -n**2 - 9*n - 16. Let d be m(-4). Suppose -6*w = d*s - 3*w - 1720, 4*s - 1716 = -2*w. What is the tens digit of s?
2
Let o be -1*12/9*-15. Suppose l + o = 131. What is the hundreds digit of l/(4 + -1)*(1 + 2)?
1
Suppose -5*s + 1 = -19. Suppose -11 = q + s*a, 10 - 2 = 4*a. Let l = q - -101. What is the units digit of l?
2
Suppose 5*y - 105 = 4*c, 119 = -5*c - 2*y - 37. What is the tens digit of c/6*-17 - -7?
9
Let t(k) = -20 - 7*k - k + 15*k - 6*k. Let v(a) = 2*a - 21. Let z(c) = -3*t(c) + 4*v(c). What is the tens digit of z(20)?
7
Let f(y) = -7*y - 112. Let j be f(-16). Suppose j = -a + 3423 - 1702. What is the units digit of a?
1
Let z(a) be the second derivative of -a**5/20 + 11*a**4/12 - 2*a**3 - 9*a**2 - 23*a. Let n be z(10). Let g = 198 + n. What is the hundreds digit of g?
1
Let j(k) = k**3 - 50*k**2 - 49*k - 141. What is the hundreds digit of j(53)?
6
Let q = 5354 - -1385. What is the units digit of q?
9
Suppose 2*b - 2*a + 100864 = 6*b, 3*a = 2*b - 50440. What is the units digit of b?
7
Let o be (-7)/28 + (-4255)/4. What is the units digit of (16 - o/(-32))/(2/(-104))?
7
Let y(w) = -w**3 - 13*w**2 + 35*w - 7. Let c = -125 + 109. Let u be 3/4 + 268/c. What is the units digit of y(u)?
1
Let b = -662 + 8061. What is the hundreds digit of b?
3
Let u = 185 - 188. What is the units digit of -65*u/(-5)*(-1 - 11)?
8
Let h(d) = -d**3 - 25*d**2 - d - 22. Let c be h(-25). Suppose 3*l - 896 = 5*t - 6*t, -l - c*t = -304. What is the hundreds digit of l?
2
Let h = -11 + 14. Suppose g + x - 79 + 21 = 0, -h*g + 3*x + 204 = 0. Suppose -2*f + 5*v + 67 = 0, -3*f - 3*v - 2*v + g = 0. What is the tens digit of f?
2
Let d = -20392 + 65188. What is the ten thousands digit of d?
4
Suppose 2*g + 3*g = 5. Let t be g*-9*(-6 - -7). What is the units digit of (486/(-4))/t*4?
4
Let s(c) = -c**3 - 10*c**2 - 11*c - 10. Let x = -56 - -53. Let w(n) = -n**2 - 4*n - 12. Let q be w(x). What is the units digit of s(q)?
8
Let a(w) = -1095*w**2 - 2*w - 1. Let q be a(-1). Let c = 2020 + q. Suppose -610 = -8*y + c. What is the units digit of y?
2
Let n = -194 - -208. Let k(c) be the first derivative of c**2 - 18*c - 1. What is the units digit of k(n)?
0
Let o be 3/(2 + 151/(-75)). Suppose -5*r = 5*q - 1735, 0 = -34*q + 29*q + 35. Let g = o + r. What is the hundreds digit of g?
1
Suppose -5*d - 25 = 0, 3*q - d = 3*d + 59. Suppose -2786 = q*o - 303. Let z = o + 304. What is the hundreds digit of z?
1
Let m be (-2)/3 + (-95)/(-57) + 4. Suppose -377 = -4*z - m*f, 5*z - 103 = 5*f + 357. Suppose -4*u + 130 = 3*c - z, 2*c - 145 = u. What is the tens digit of c?
7
Let w = -2417 + 3324. What is the units digit of w?
7
Suppose -3*o + 0*o + 18 = 0. Suppose 0 = -0*v + 3*v + 2*i - 6, -3*v = 4*i - o. Suppose 2*l - 36 = -z, v*z = 5*l - 2*l + 79. What is the tens digit of z?
3
What is the thousands digit of (-2155524)/(-126) + 15/9?
7
Suppose -16*w + 300857 = 4*w - 21883. What is the units digit of w?
7
Suppose -5274 = 37*y - 43*y. What is the units digit of y?
9
Let t = -2038 - -3387. Suppose l = -5*k + 343, -2*k = -4*l + k + t. What is the units digit of l?
8
Let l be ((-3)/(-4))/(4/16). Let n be ((0/2)/l)/(-1). Suppose n*m = -5*q - m + 437, -q - 3*m = -79. What is the units digit of q?
8
Let p = 425 + -281. Suppose 0 = -7*v + 620 - p. Suppose -4*a + v = -3*a. What is the units digit of a?
8
Let f(x) = -7*x**2 - 14*x + 8. Let u be f(-4). Let a = u + 57. What is the tens digit of (250/(-15))/((-6)/a)?
2
Let o(k) = -k**3 + k**2 - 2*k + 1. Let q(x) = 24*x**2 - 17*x - 8. Let s(y) = 3*o(y) - q(y). What is the tens digit of s(-9)?
9
Let x(z) = -3*z**3 + z**2 + 3*z + 3. Let q be x(-1). Suppose 9 - 33 = -q*i. Suppose i*s = 3*g + 3*s - 474, 2*g - 328 = -2*s. What is the hundreds digit of g?
1
Let b = 58033 - 24284. What is the tens digit of b?
4
Let m(k) = -436*k**2 - 9*k - 2. Let a(n) = -n - 1. Let c(x) = 6*a(x) - m(x). Let v be c(1). Suppose 4 = 4*z, -3*q + v + 77 = 2*z. What is the tens digit of q?
7
Let v = 21 + -20. What is the hundreds digit of ((-2)/2)/v*(26 - 249)?
2
Suppose -3*j = -14*j + 7766. Let n = 1436 - j. What is the hundreds digit of n?
7
Suppose 2*t - 4*m - 10 = 0, -t = t - 5*m - 15. What is the units digit of 294/(-6)*(t - 2)?
3
Let q(n) = -7*n**2 + 3*n - 10. Let c(x) = 20*x**2 - 10*x + 31. Let g(f) = 6*c(f) + 17*q(f). Suppose -63 = 42*z - 51*z. What is the units digit of g(z)?
2
Let r = -427 + 308. Let v be -507*(-2)/(-18)*-3. Let i = v + r. What is the tens digit of i?
5
Let r = -84 - -139. Suppose -n + 4*l - 32 = n, 4*n - 5*l + r = 0. What is the tens digit of n/1*(-315)/18?
7
Suppose -7*v + 1696 = -278. Suppose 6*b = 12*b + v. Let p = 49 + b. What is the units digit of p?
2
Let q(s) = -24*s**3 - 22*s**2 - 129*s + 7. What is the hundreds digit of q(-6)?
1
Let s = 24788 - 12199. What is the hundreds digit of s?
5
Let o(l) = 2*l**2 - 4*l + 4. Let r be o(2). Suppose -n + 2*u = r*n - 1621, n = u + 323. What is the tens digit of n?
2
Suppose 0 = -1269*t + 1285*t - 102436 - 90300. What is the units digit of t?
6
Let p = 188 - 188. Let n(c) = c + 301. What is the hundreds digit of n(p)?
3
What is the thousands digit of 249376/(-12)*(4 - 114/24)?
5
Let g(j) = -2*j**3 + 10*j**2 - 4*j - 31. Let o be g(5). What is the hundreds digit of o/((-43)/7 - (-23 + 17))?
3
Let f(u) = -3*u - 76. Let i be f(-28). Suppose i*h = 12*h - 72. What is the units digit of h?
8
Let f be 17 - -15*11/33. Let m(y) = -y**2 - 12*y - 5. Let j be m(-9). Suppose 11*n = j + f. What is the units digit of n?
4
Suppose 3*i - 3*g + 15 = 0, 7*i - 2*i - 3*g = -17. Let v be (-3)/(-9)*0/i. Suppose v = 5*y + 11 - 171. What is the units digit of y?
2
Let p(j) = -2*j**3 - 36*j**2 + 31*j + 22. Let k be p(-19). What is the units digit of (-1 + -3)/(-4)*k?
5
Let n = -31068 - -47566. What is the ten thousands digit of n?
1
Let z(f) = -288*f + 104. Let j be z(-4). Let g = j - 432. What is the units digit of g?
4
Suppose -10*m + 3396 + 1674 = 0. What is the units digit of 1*-2 - 7/((-21)/m)?
7
Let a(y) = -32*y**2 + y + 8513. What is the hundreds digit of a(0)?
5
Let q be -4 - (-3 - -4)*102. Let y = q - -274. What is the tens digit of y?
6
Let w(f) = 3*f**2 - 10*f. Let m be w(8). Suppose 2*r + m = r. Let l = r - -198. What is the units digit of l?
6
Let l = 3915 + -2266. What is the tens digit of l?
4
Let j be 5 + 44/24 + (5 - 70/12). Let x(n) = -1 + 6*n + 7*n + n. What is the units digit of x(j)?
3
Let u = 175 + -172. Suppose -5*r = -3527 - u. What is the units digit of r?
6
Suppose -20 = 14*t - 62. Suppose -2*o - 2815 = -t*q, 4*o - 1069 = -q - 140. What is the units digit of q?
7
Let h = 145 + 76. Suppose -224*y - 2*p = -h*y - 593, -y - 4*p + 201 = 0. What is the tens digit of y?
9
Let l = 73 + -85. What is the hundreds digit of 8*(l*32/(-12) + 0)?
2
Suppose 4*i - 257 = -5*s, -5*s - i = 2*i - 259. Let a = 81 - s. What is the tens digit of 162/a*20/15*7?
5
Let f = 7 - 13. Suppose l = -u + 37, l = 4*l. Let p = f + u. What is the units digit of p?
1
Let v = -4304 + 6989. What is the tens digit of v?
8
Let i = -1445 - -1547. Let a = 7 - 3. Suppose 14 + i = a*z. What is the units digit of z?
9
Let u(n) = -2*n - 12 - 12 